Let k = 1783 + -845. Suppose -3*y - 2*y + k = -3*d, -2*y = d - 384. What are the prime factors of y?
2, 5, 19
Let q be (-1407)/(-15) - (-4)/(-5). Suppose 0 = -0*j - 3*j + q. Let o = 9 + j. What are the prime factors of o?
2, 5
Let f = 6159 + -4307. What are the prime factors of 6/(-8) + (0 - f/(-16))?
5, 23
Let v(u) = 51*u - 37. What are the prime factors of v(1)?
2, 7
Let z(s) = -s**3 - 12*s**2 - 6*s + 15. List the prime factors of z(-13).
2, 131
Let n = -743 - -1261. List the prime factors of n.
2, 7, 37
Let z(o) = -o**3 - 2*o**2 - o - 7. List the prime factors of z(-6).
11, 13
Let t be (-288)/(-12)*(-3)/6. Let z be (-4)/(-12) + (-52)/(-6). Let k = z - t. What are the prime factors of k?
3, 7
What are the prime factors of (2/3)/((-34)/(-28203))?
7, 79
Let o(p) = 9*p - 33. Let c be o(5). What are the prime factors of (-3558)/(-24) - 3/c?
2, 37
Suppose 0*a - 4 = 4*a. What are the prime factors of (-157)/a - -3*10/15?
3, 53
Let q = 6598 + -2725. What are the prime factors of q?
3, 1291
Suppose -o = -4*o + 147. Let z = -17 + o. Suppose k + k = z. List the prime factors of k.
2
Suppose 0 = -r + 5*c + 2155, 2185 = r - 8*c + 13*c. List the prime factors of r.
2, 5, 7, 31
Let n(h) = 67*h**2 + 2*h - 35. What are the prime factors of n(5)?
2, 3, 5, 11
Suppose -5*h - 5*r = -2885, 3*h = 5*r - 0*r + 1691. List the prime factors of h.
2, 11, 13
Suppose 0 = 2*l - 2*s - 162 - 74, -4*l + 472 = 3*s. What are the prime factors of l?
2, 59
Let g = -71 + 163. Let p = g + 69. List the prime factors of p.
7, 23
Let q(a) = -a**3 + 5*a - 2*a - 3*a - 3*a + 3*a**2 - 1. Let f be q(3). Let s(i) = -i**3 - 10*i**2 - 4*i + 1. What are the prime factors of s(f)?
41
Let i(l) = 7*l - 9. Let t be i(8). List the prime factors of t/(5/(-10)*-1).
2, 47
Let w(d) = 40*d + 61. What are the prime factors of w(7)?
11, 31
What are the prime factors of 1476 - (9 + -16 + 5)?
2, 739
Let o(f) be the third derivative of -f**6/120 + f**5/30 - f**4/8 + f**3/3 - f**2. Let s be o(2). What are the prime factors of (-1)/2 + (-94)/s?
23
Suppose 0*q - 4*q - 4*b = -6156, 3*b + 1539 = q. What are the prime factors of q?
3, 19
Suppose -5*o - 5*l + 66 = 201, -4*l - 80 = 3*o. Let w = 67 + o. Suppose -w = 2*k - 113. List the prime factors of k.
37
Let a(j) = -j - 2. Let n be a(-2). Let c(g) = -g**2 + 4. Let z be c(n). Suppose -z*f + 112 = 28. List the prime factors of f.
3, 7
Suppose -4*a = -6*a + 2. List the prime factors of a/3 + (-64)/(-6).
11
Suppose 0 = -4*l + 2*x + 36, -20 = -4*l + l - 2*x. Let b = l + -5. Let s(p) = 8*p + 2. List the prime factors of s(b).
2, 13
Let q = -25 - -41. Suppose b - 3*g = q, -5*b + 36 = -5*g + 6. List the prime factors of b/4 + 141/12.
2, 3
Let q be (16/(-4))/(-4) - -82. Let n = -50 + q. List the prime factors of n.
3, 11
Suppose q - 2 = 2*q. Let x = q - 8. What are the prime factors of ((-12)/x)/((-2)/(-5))?
3
Suppose -3*b = 5*r - 226, 220 = 3*b + r + r. List the prime factors of (0 - b/14)/(84/(-2058)).
2, 3, 7
Let s(r) = -r**3 + 13*r**2 - 11*r - 5. Let i be s(9). Let d = 317 - i. What are the prime factors of d?
97
Suppose 4*r = 3*r - 4*c - 28, -3*r = 5*c + 56. Let k = 26 + r. List the prime factors of k + -1 + 4 + -1.
2
Let v = 33 + -86. Let y = v - -106. List the prime factors of y.
53
Let t(d) = 18*d + 4. Suppose 2*b - 6*f = -2*f - 2, 4*b - 2*f = 14. Let k be t(b). Suppose -k = -2*y - 5*o, 3*o = 3*y + o - 103. List the prime factors of y.
37
Let c be (30/(-21))/((-2)/14). Let m be -1 + (-5)/(c/(-14)). Suppose 4*u = 78 + m. List the prime factors of u.
3, 7
Let b(m) = -3*m**2 + 103*m - 7. List the prime factors of b(20).
853
Let b(t) = -3*t - 11. Let q be b(-7). Let l be 2/q - (-148)/10. Let h = -3 + l. List the prime factors of h.
2, 3
Let u be 2/(-6) - 314*(-6)/(-18). Let o = u - -289. List the prime factors of o.
2, 23
Let n(w) = 2*w - 19. Let x be n(7). Let y(r) = -11*r - 5. List the prime factors of y(x).
2, 5
Let g = 1884 - 901. List the prime factors of g.
983
Suppose g - 10 = -5*q, 0 = 2*g + 7*q - 4*q - 13. Suppose 0 = 5*z - 4*j - 1230, 3*z - g*j - 738 = -4*j. What are the prime factors of z?
2, 3, 41
Let c(s) = 5*s**2 - 13*s - 71. What are the prime factors of c(-18)?
1783
What are the prime factors of -5 - (-12 + 4134*-1)?
41, 101
Let q = -352 + 639. Let v = q + -198. What are the prime factors of v?
89
Suppose 5*m + 832 - 302 = v, 2*v + 515 = -5*m. What are the prime factors of 45/(-1)*63/m?
3
Let l(j) = j**3 + 26*j**2 + 23*j + 36. What are the prime factors of l(-24)?
2, 3, 53
Let b = 2262 - 1524. What are the prime factors of b?
2, 3, 41
What are the prime factors of (-830 + 0)*(190/20 - 10)?
5, 83
Suppose 0 = -4*j + 20, -2*d = -3*j + j. Suppose s + 0*s = 3*w - 204, -2*s = -d*w + 340. List the prime factors of w.
2, 17
Let x be (8/6)/((-18)/(-81)). Suppose 4*s = x*s - 126. List the prime factors of s.
3, 7
Let i be -3*(105/9)/(-7). Let n be i/(-2)*(-4)/10. What are the prime factors of n + 20 + -11 + 13?
23
Suppose -2*v - 3*z + 115 = 0, 0 = 3*v + 5*z - 9 - 166. Suppose 2*a + 2 = -5*w, -3*a + 3*w - 2 = -5*a. Suppose -226 = -a*b + v. List the prime factors of b.
3, 23
Suppose 3*f + 2*f = -25. Suppose -2*o + 25 = -7*o, -4*o - 300 = t. What are the prime factors of t/(-50)*f/(-2)?
2, 7
Let n(i) = i - 5. Let b be n(9). Suppose 0 = -2*o + 2*u, 0 = 2*u - 0*u - b. Suppose o*y = -4*y + 60. What are the prime factors of y?
2, 5
Suppose -83550 = -30*a + 46320. List the prime factors of a.
3, 13, 37
Let n be (-2 - (-3 - 1)) + -8 + 4. List the prime factors of (-9 - (-10)/n)*-1.
2, 7
Let g = 13 + 4. Let t = g - 13. Suppose 0*b + 181 = 5*x + 3*b, 0 = t*x - 4*b - 164. List the prime factors of x.
2, 19
Let s = 5 - 22. Let u = s - -49. Let b = u + -28. List the prime factors of b.
2
Let d(g) = 9*g**2 + g - 8. Suppose -6*m - 1 = -25. List the prime factors of d(m).
2, 5, 7
Let v(r) = r - 3. Let l be v(5). Let q be (-3)/l*(-32)/6. Suppose -5*h = -q - 2. What are the prime factors of h?
2
Let s(a) = -23*a**3 + 4*a**2 + 3*a + 2. What are the prime factors of s(-5)?
2, 1481
Let m(v) = 7*v**2 + v + 8. Let f = 71 - 74. What are the prime factors of m(f)?
2, 17
Let r be 4 + (-5)/5 + 377. Suppose -5*p = -5*x + r, 232 = 2*x + x - 4*p. What are the prime factors of x?
2, 3
Let o(m) = 17*m**2 + 87*m + 12. What are the prime factors of o(-10)?
2, 421
Suppose 5*z - z - 5*a = -17, -z - 3 = -a. Suppose 233 = g + 5*q, 4*g + z*q - 827 = 3*q. List the prime factors of g.
2, 13
Suppose 436 = f + 317. List the prime factors of f.
7, 17
Let c(i) = 2*i - 2*i - 5*i. Let n be c(-2). Suppose -1 = z - n. List the prime factors of z.
3
Let d = -887 + 1323. List the prime factors of d.
2, 109
Suppose -38*x + 3395 = -31*x. What are the prime factors of x?
5, 97
Let g be 1 + -17 - (-1 + -3). Let t = 35 - g. What are the prime factors of t?
47
Suppose -4*m + 5*s = -6*m + 21, -4*m + 28 = -4*s. Suppose m*k - 2*k = 768. List the prime factors of k.
2
Suppose 4*k - 4*u + 568 = 0, -3*u = -4*u + 3. Let w = -110 - k. List the prime factors of w.
29
Let u(b) = 120 + 61 - 4*b - b - 43. What are the prime factors of u(0)?
2, 3, 23
Suppose -7*i + 95 = 32. What are the prime factors of i?
3
Let j = 11 + -10. Suppose 2*u + 4 = 2*w, -5*u = -w - j + 3. Suppose c - w*c = -23. What are the prime factors of c?
23
Let y(n) = n**2 - 16*n - 4. Let w be y(16). List the prime factors of 781/44 + (-1)/w.
2, 3
Suppose 0 = 5*n + 2*c - 5660, 0 = -4*n + 4*c + 1953 + 2575. List the prime factors of n.
2, 283
Suppose 4*s + 84 = -2*o, 3*o + 3*s - 2*s = -106. Let k = -134 - -52. Let x = o - k. What are the prime factors of x?
2, 3
Let y(l) = l**3 + 2*l**2 - 3*l + 4. Let b be y(-3). Suppose -b*d + d + 1458 = 0. What are the prime factors of (-8)/(-3)*d/24?
2, 3
Let w be (-2)/(1*279/(-138) + 2). Suppose 678 = 3*q - 5*m + w, -4*q - 4*m + 760 = 0. List the prime factors of q.
2, 3
Let p(l) = -14*l**3 + l**2 - 12*l + 5. List the prime factors of p(-4).
5, 193
Suppose -3*r + 223 + 2 = 0. Let h = -62 + r. List the prime factors of h.
13
Let p(s) be the first derivative of -s**4/4 - 2*s**3/3 + 6*s**2 - 11*s + 4. What are the prime factors of p(-6)?
61
Let p(b) = -b**3 + 21*b**2 - 28*b - 2. What are the prime factors of p(16)?
2, 5, 83
Suppose 4*l - 36 = -0*l. Let m(f) = f**2 - 5*f - 12. List the prime factors of m(l).
2, 3
Let y = -30